 0 + 1 - 4. Let w = 66 + -34. Let u = w - 28. Calculate d(u).
5
Let c = 292 - 290. Let p(u) = c*u - 8*u + 8 - 10*u - 4*u + 15*u. Give p(9).
-37
Let d(h) = -h**2 - 2*h + 5. Let q(y) = -y**2 - 24*y + 19. Let c be (-13)/39 - (213/9 - -1). Let s be q(c). Give d(s).
-19
Let h(t) = 49*t + 14. Let i be h(-9). Let z = i + 430. Let y(f) = f**2 - 6*f + 2. Give y(z).
-7
Let b be (6*(-6)/8)/((-54)/108). Let m(k) = 9*k + 6*k - 25*k + b*k. Determine m(6).
-6
Let l(s) = -s**3 + 13*s**2 + 3*s - 6. Let y = -15881 - -15894. Calculate l(y).
33
Let z = -13 + 90. Suppose 0 = -0*b - b + y - 80, -3*b = -y + 248. Let k = b + z. Let p(c) = c**2 + 7*c + 2. Give p(k).
2
Let u(n) = -8*n**2 - 15*n - 25. Let c(o) = -3*o**2 - 8*o - 20. Let t(p) = -5*c(p) + 2*u(p). Calculate t(-5).
-25
Let o(n) be the third derivative of -9*n**4/8 + 4*n**3/3 + 4679*n**2. Determine o(-3).
89
Let k be (3/6)/((-4)/(-88)). Let j(m) = 7*m**3 - 5*m**2 + 6*m - 8. Let z(x) = -x**3 - x**2 - x + 1. Let b(o) = j(o) + 6*z(o). What is b(k)?
-2
Let p(k) = -2*k + 12. Let m(q) = 16*q - 43. Let f(u) = -11*u + 28. Let t(i) = 7*f(i) + 5*m(i). Let s(v) = -5*p(v) - 3*t(v). Calculate s(13).
10
Let s(f) = 10*f - 19. Suppose -2*k + 14*c - 9*c = 17, 6 = 4*k - 2*c. What is s(k)?
21
Let h = 14 + -6. Suppose 43 - 25 = -2*c + 22. Suppose c*z = -4*f - 4, 4*z - 5*f = -3*f - h. Let d(v) = 4*v**2 + 2*v + 3. Determine d(z).
15
Let p(y) be the second derivative of -y**3/2 - 17*y**2/2 - 3674*y. Give p(4).
-29
Let m(o) = 3*o**3 + o**2 - 2*o + 1. Let l be m(1). Let i(q) = 7111 + 2*q + 7041 + 7115 - 21272. Calculate i(l).
1
Let q(t) = t**3 - 8*t**2 - 7*t - 16. Let n = -214 - -223. Determine q(n).
2
Let o(r) = -r**2 + 2*r + 17. Suppose 24*f + 93 = 10*f - 17*f. Determine o(f).
2
Let z(r) = -221*r - 215. Let o(h) = 49*h + 49. Let s(f) = 9*o(f) + 2*z(f). Let p(t) = t**2 - 4*t + 6. Let x be p(4). What is s(x)?
5
Let g(f) = -54*f**2 + 28*f - 2. Let v(t) = 13*t**2 - 7*t + 1. Let i(s) = 6*g(s) + 25*v(s). Calculate i(4).
1
Let y(r) = 10*r - 30. Let a(t) = -2*t + 7. Let c(l) = 9*a(l) + 2*y(l). Suppose -10 = 2*z + 3*z. What is c(z)?
-1
Let h(r) = r - 7. Let y = 13 - 4. Suppose 3*s - 19 = 2*s + 5*j, 3*j + y = 0. Suppose -2*g = -k - 4, -k + 4 = -s*g - 2*k. Calculate h(g).
-7
Let t(f) = f + 12. Let u(w) = 3*w + 80. Let j be u(-28). Let s be (j/2)/(192/1248). Calculate t(s).
-1
Let b(t) = -t**3 + 7*t**2 - t + 7. Suppose -269*z - 879 = -2224. Determine b(z).
52
Let r(c) = -11 - 9 + 8 - 3 - 5*c - 10*c. Calculate r(-5).
60
Let m(o) be the second derivative of 1/20*o**5 + 54 + 3*o**2 + 5/12*o**4 - 2*o - 5/6*o**3. Give m(-6).
0
Let g(a) = -4*a - 19. Let x(k) = -k**2 - 36*k + 28. Let v be x(-37). Give g(v).
17
Suppose 0 = -4*v - s + 4, 4*s = -2*v - v - 10. Suppose 0 = -v*c - 3*c + 25. Let w(d) be the first derivative of -d**2 + 4*d + 151027. What is w(c)?
-6
Let n(i) = 5*i**3 - 6*i**2 - 7*i + 1. Let u(q) = -7*q**3 + 5*q**2 + 6*q - 1. Let c(o) = 4*n(o) + 3*u(o). What is c(-8)?
17
Let c(i) = 7767*i - 7778*i - 9*i**2 + 8*i**2 - 25. What is c(-10)?
-15
Suppose -124 = -59*c - 19 + 72. Let q(t) be the first derivative of -5/2*t**2 + 26 - 1/3*t**c + 3*t. Calculate q(-6).
-3
Let m(w) = w**2 + 11*w - 5. Let d(o) = 4*o**2 + 18*o + 23. Let l be d(10). Let n = l - 609. Give m(n).
-35
Let o(i) = 155 + 3*i - 22 - 175. What is o(13)?
-3
Suppose -75*q + 270 + 88 = -17. Let t(z) = -4*z + 25. Give t(q).
5
Let r(x) = 2*x**2 + 19*x + 6. Let f(c) = 17*c - 22. Let z be f(9). Suppose -67 - z = 22*t. Give r(t).
-3
Let o(k) = 9*k**2 + 2*k + 14. Let m(b) = 11*b**2 + b + 17. Let c(l) = 5*m(l) - 6*o(l). Suppose 7*n = 5*n. Suppose -s - 2 + 1 = n, -3*s = 5*q - 22. Give c(q).
-9
Let k(h) = -h**2 + 14*h - 5. Suppose -4*l + 55 = 3*c, 2*l - 59 = -3*c - 12. Calculate k(c).
8
Let z(x) = x**2 + 6*x + 9. Suppose -5*a + 736 = 771. Calculate z(a).
16
Let p(a) = -3*a**2 - 2*a - 3. Let r = -9472 + 9470. Calculate p(r).
-11
Suppose 0 = -116*y + 911 - 331. Let c(q) = -q**2 - q. Let x(s) = 2*s**2 + 8*s - 2. Let l(u) = 3*c(u) + x(u). Determine l(y).
-2
Suppose -5*m + j - 48 = 0, -3*m - 382 = -j - 354. Let r(h) = h**3 + 10*h**2 + h + 10. Give r(m).
0
Let i(w) = 5*w**3 + 68*w**2 - 62*w + 54. Let x(m) = m**3 + 13*m**2 - 12*m + 11. Let u(b) = -2*i(b) + 11*x(b). Calculate u(-8).
13
Let d be -3*(-2)/8*4. Let t(g) = 2*g**2 - 15*g + 102. Let y(p) = -p**2 + 7*p - 45. Let o(m) = -4*t(m) - 9*y(m). Give o(d).
-3
Let k(z) = -75*z**2 + 6*z - 2. Let p(r) = -27*r**2 + 2*r - 1. Let b(d) = -3*k(d) + 8*p(d). Give b(-1).
9
Let a(t) be the third derivative of -t**6/120 + t**5/12 + t**4/8 + t**3 - 611*t**2. What is a(6)?
-12
Let k(b) = -b**3 + 2*b**2 + b. Let z(o) = -2*o**3 - 14*o**2 - 7*o - 6. Suppose 21 + 3 = -4*h. Let r be z(h). Let x = r + 35. What is k(x)?
2
Suppose 48*y + 512 = 56*y. Let s = y + -62. Let w(q) = 2 + 15*q**s + 15*q**2 - 27*q**2 - 1. What is w(1)?
4
Let z(t) = 3*t**2 - 2*t - 3. Let p be z(12). Suppose 337 = -4*m + p. Let u(b) = -b + 23. Determine u(m).
6
Let r(v) = -3*v**2 + v + 1. Let z(s) = -s**2 - 10*s + 39. Let j be z(-13). Let i be 1 - j - (2 - (-20)/(-5)). Let p be ((-2)/(-2))/((-3)/i). Give r(p).
-3
Let i(m) = 8*m + 76. Let g(o) = 9*o + 80. Let u(d) = 4*g(d) - 3*i(d). Determine u(-8).
-4
Let b(l) = -6*l - 34. Let n = -675 - -661. What is b(n)?
50
Let b(w) = 5*w**2 - 48. Let x be ((0 + 0)/(-22))/(3 + -4). What is b(x)?
-48
Let o be 0 - (4/1 + -9). Let i(y) be the first derivative of -3*y + 3/2*y**2 - 11. What is i(o)?
12
Let s(v) be the third derivative of v**6/120 - 37*v**5/60 - 5*v**4/4 - 152*v**3/3 + 3196*v**2. Calculate s(38).
0
Let j(c) = 2*c**3 + 45*c**2 + 334*c - 282. Let a(h) = -h**3 - h**2 - 75*h. Let s(v) = 4*a(v) + j(v). Give s(21).
-9
Let r(d) = -173*d**2 - 82*d - 89. Let a(h) = 15*h**2 + 7*h + 8. Let l(x) = -23*a(x) - 2*r(x). Calculate l(0).
-6
Let t(z) = -32*z + 2 - 6 + 17*z - 9 + 14*z. Give t(-20).
7
Suppose 6*h = 3*h + 6. Suppose -2*b + 5*b - h*k - 58 = 0, 2*k - 82 = -4*b. Suppose 0 = c - 2*g, b = -c - 0*g - 3*g. Let j(w) = -w**2 - 7*w - 1. What is j(c)?
-9
Let u(z) = z**3 - 13*z**2 + 8*z - 6. Let c = 66 - 49. Let d(y) = y**3 - 19*y**2 + 35*y - 5. Let m be d(c). Calculate u(m).
-54
Suppose -252*f = -254*f + 6, -n - 2*f + 13 = 0. Let z(a) = a**3 - 8*a**2 - a - 2. Calculate z(n).
-58
Let r(t) = -t**3 - 8*t**2 + 10*t + 4. Let g(a) = -7*a + 68. Suppose n + 0*n = 1, -5*b + n + 54 = 0. Let h be g(b). Determine r(h).
-5
Let i(u) be the third derivative of -u**5/30 + 31*u**4/24 - 16*u**3/3 + 477*u**2. Give i(13).
33
Let x(b) = -7*b + 5. Let f be (-210)/126*2/(4/(-6)). Let t be 3/f + 7 + 198/(-55). Calculate x(t).
-23
Let m(f) be the third derivative of -2*f**5/3 - f**4/24 - f**3/2 - 21*f**2 + 27*f. What is m(0)?
-3
Suppose 991*s = 1027*s - 216. Let i(j) = 2*j - 2. What is i(s)?
10
Let b be (6/(-4))/((-3)/4). Let z(d) be the second derivative of -d**5/20 - d**4/4 + d**3/3 - 3*d**2/2 - 23282*d. Calculate z(b).
-19
Let k(c) = -120*c + 57. Let a be k(-18). Let l(h) = -a*h**3 + 7*h**2 - 3 + 2216*h**3 - 3*h - 1. Calculate l(6).
14
Let h(s) = -7*s**3 - s - 1. Suppose 4 = -2*y + 2*k, -y - 4 = 2*y - 5*k. Let b be 78/18 - 2/y. Suppose -3*x = b - 2. What is h(x)?
7
Let t(k) = k**2 + 17*k + 20. Let y(h) = -h**3 + 3*h**2 + 7*h + 3. Let f be y(-2). Suppose -f*c = 54 + 81. Give t(c).
-10
Let j(g) be the third derivative of 0*g**3 - 1/12*g**4 - 106*g**2 + 0 + 0*g + 1/120*g**6 + 1/12*g**5. Suppose -15 = 5*x - 5*y, x + 0 = 5*y + 5. Give j(x).
10
Let x(v) = v**2 - 2*v - 1. Let w(g) = 2*g**2 + 18*g + 24. Let b be w(-8). Suppose 10*i = b + 12. Calculate x(i).
-1
Suppose -6*l + 8 = 2. Let o(j) = -1. Let n(z) = -z - 4. Let x(c) = l*n(c) + 3*o(c). Suppose 2*h + 14 = 4*r, r = -r + 2. Give x(h).
-2
Let x be (5 + -3)*(2 - (-11)/(-2)). Let h(p) = 2*p - 29. Let o(v) = -4*v + 57. Let t(w) = x*h(w) - 3*o(w). Let z be t(14). Let r(n) = -n - 5. Determine r(z).
-9
Let w(t) = -4*t. Let q be w(-16). Let z = q + -66. Let g(f) = -3*f**2 - 3*f - 3. Calculate g(z).
-9
Let k(a) = -11*a + 583 - 12*a + 7*a - 131 + 6*a. Give k(45).
2
Let q(p) = 671*p - 342*p - 3 - 335*p + 4. Give q(-5).
31
Let c = 361 - 308. Suppose 0 = -8*p - 69 + c. Let d(j) = 2*j**3 + 3*j**2 + 4*j + 2. Determine d(p).
-10
Let r be 2/(-4)*3384/94. Let m(p) = 37*p + 661. Determine m(r).
-5
Let w(u) = 31*u - 27. Let i be w(1). Let n(j) = -i*j**3 + j**2 - 